derivative of 1/2*f**3 + 0 + 3*f**2 + 1/6*f**4 + 0*f. Let n = 48 - 51. Give z(n).
-9
Let d(j) = -22 - 24 + 68 - 14*j - 24. Give d(-3).
40
Suppose 3*u - 2*c - c = -144, -140 = 3*u - 4*c. Let k = u - -61. Let y(g) = g**3 - 9*g**2 + 6. What is y(k)?
6
Let j be 0*(5 - (-99)/(-22)). Let t(s) = -s**2 - s + 16. What is t(j)?
16
Suppose 14*f + 19 = 10*f + 5*s, 25 = -4*f - s. Let c(u) = -u**3 - 5*u**2 + 6*u - 2. Give c(f).
-2
Let d = 1154 + -1146. Let p(o) be the third derivative of o**6/120 - 7*o**5/60 - o**4/3 + o**2. Determine p(d).
0
Let u be 48/(-10) + ((-44)/20 - -2). Let l(m) be the second derivative of -m**3/3 - m**2 - 5*m. Give l(u).
8
Let f(m) be the first derivative of 2*m**3 + 2*m**2 + 3*m + 103. What is f(-2)?
19
Let a(s) = -2 - 4 + 2 - 4*s + 2. Suppose 5*c + 8 = 23. Suppose -t - 12 = 4*z, 0 = 6*t - c*t - 4*z + 4. Determine a(t).
14
Let n(o) = -o**2 + 6*o - 3. Let j be n(5). Suppose 6 = 6*k - 6. Let d(b) = -k*b**j + 3*b + 0*b**2 + 9 + b**2 - 7. What is d(3)?
2
Let n be 2/(-6) + 3*(-325)/(-117). Let x(j) = j - 14. Give x(n).
-6
Let n = -10 + 15. Let c(l) = 17*l**2 - 27*l**2 + 11*l**2 + l - n - 5*l. Give c(4).
-5
Let a(h) = 0 - 74*h + 22 + 41*h + 32*h. What is a(10)?
12
Let w(u) be the first derivative of u**4/12 + u**3/3 - 8*u**2 + 12. Let f(n) be the second derivative of w(n). Determine f(2).
6
Let h = 131 + -127. Suppose c + 5 = -h*t, 5*t - c + 10 + 3 = 0. Let b(o) = -2*o - 2. What is b(t)?
2
Let y(g) = -3*g**2 - 7*g - 2. Let n(k) = 3*k**2 + 9*k + 2. Let v(b) = -3*n(b) - 4*y(b). What is v(-2)?
12
Suppose -2*j - 3 = -1. Let p be (j - (-2)/6)*3. Let n(z) = -z + 6. Let g(q) = -q + 1. Let w(r) = 5*g(r) - n(r). Calculate w(p).
7
Let b(f) be the first derivative of 11*f**4/2 + f**3/3 + f**2/2 + f - 1. Let m be (4/(-6)*6)/(7 + -3). Calculate b(m).
-21
Let c(s) be the second derivative of -s**5/20 - s**4/2 + 11*s**3/6 - 3*s**2 + 5*s + 3. Give c(-8).
34
Let u(s) = -s**2 - 4*s + 2. Let j = 52 + -49. Suppose -3*k - 25 = -3*o + 8*o, -j*k - o - 17 = 0. Determine u(k).
-3
Let s(l) be the second derivative of l**3/6 - 46*l. What is s(-3)?
-3
Suppose -2*g + 305 = -q + 288, -4*q - 26 = -g. Let h(u) = -4*u - 22. Let k(o) = -5 - 1 - o - 1. Let m(a) = -2*h(a) + 7*k(a). What is m(g)?
1
Let k(s) = -3*s - 5. Let n be (-2 - -2) + -3 - -5. Suppose -x = n*l + 12, 2*l - 3*l + x = 0. Calculate k(l).
7
Suppose 123*f = 120*f + 183. Let i = -60 + f. Let u(x) = -5*x**3 - x**2 + x - 1. Determine u(i).
-6
Let k(t) = t**2 - 3*t - 2. Suppose 20 = -5*b + b. Let f be (-6)/(b + 2 + 1). Let x = f - -2. What is k(x)?
8
Let y(t) = t**3 + 2*t**2 - 2*t - 3. Let p(u) be the first derivative of 2*u - 1/2*u**2 + 2. Let v be p(4). Determine y(v).
1
Let v(p) = 4*p. Let y(t) = 11 + 3*t**3 + t**3 + t - 9*t**2 - 5*t**3. Let z be y(-9). Suppose j + o - 5*o + z = 0, 0 = 3*j + 2*o + 6. Give v(j).
-8
Let a be (-20)/(-16)*8/5. Let f(t) be the second derivative of 6*t - 1/3*t**3 + 0 + 1/2*t**a. Calculate f(4).
-7
Let f(t) = 4 + 4*t - 6*t + 4*t. Let m be (12/(-20))/(2 - 23/10). Suppose -m*u - 8 = -o, 3*u + 0*o = o - 13. Determine f(u).
-6
Let i(c) be the third derivative of 0 + 0*c + 1/24*c**4 - 2*c**3 - 6*c**2. Give i(0).
-12
Suppose 0 = -d - 3*c - 22, 2*d + 5 = 4*c - 9. Let z = d - -3. Let m = 7 + z. Let v(b) = b**2 + 5*b - 2. Calculate v(m).
-8
Suppose 4*l + 27 = 3*m, 3*m - l = m + 23. Let a be (1 - m)*10/20. Let b be (a/(-7))/((-6)/(-42)). Let x(s) = s**3 - 7*s**2 + 7*s - 6. Determine x(b).
0
Suppose 4*f + 4 = 20. Let s be f/(-18) + (-260)/45. Let v(w) = -2 + 2 - w - 3 + 2. Calculate v(s).
5
Let a(y) = y. Let z be -2 - (0 + 3 + -39). Let v = 31 - z. Determine a(v).
-3
Let c be (-1 - 11)*(100/80 + -2). Let u(a) = a**2 - 7*a + 4. What is u(c)?
22
Let k be 12 + 18/(-24) + -11. Let b(u) be the second derivative of -1/2*u**2 - 5*u + 0 - k*u**4 - 1/10*u**5 - 1/3*u**3. What is b(-2)?
7
Let u(c) = -c. Suppose 5*m + r = 109, -2*r + r = 2*m - 46. Let p = -32 + m. Let z(q) = 3*q. Let g(k) = p*u(k) - 4*z(k). Give g(2).
-2
Let s(w) = w**2 + 13*w - 27. Let a be s(-15). Suppose 0*j + j = a. Let o(m) = m - 3*m**2 + 2*m**2 + 2 - 4. Calculate o(j).
-8
Let d(p) = -p**2 - 16*p + 5*p - p - 8 - 7*p. Determine d(-18).
10
Let l(i) = 6*i + 62 - 10*i**2 - 187 + 63 + 61 - 4*i. Calculate l(1).
-9
Let i(f) = -11 - 1 - f + 0 - f. Give i(-7).
2
Let o(r) = -r - 10. Let k = 3 + -10. Let v be 58/k + (3 - (-38)/(-14)). Determine o(v).
-2
Let d(b) = 3*b**2 - 6*b - 4. Let o(j) = -7*j**2 + 14*j + 9. Let r(v) = 5*d(v) + 2*o(v). What is r(5)?
13
Let t(l) = -6*l**3. Let g be t(1). Let y(f) = 35*f**2 + 19*f + 35. Let h(s) = -22*s**2 - 13*s - 23. Let u(p) = -8*h(p) - 5*y(p). What is u(g)?
-9
Let v(s) be the first derivative of -s**4/4 - 4*s**3 - 2*s**2 - s + 50. Determine v(-12).
47
Let w be (-12)/(-5 + 11) + (0 - 0). Let p(i) = 9*i + 2. Determine p(w).
-16
Suppose -59 = -9*g + 85. Let m be -7 - ((-4)/g - 22/8). Let f(i) = 4*i + 3. Calculate f(m).
-13
Let x be (6/(4 - 10))/1. Let a(j) = -5*j**3 - j. Give a(x).
6
Let j(v) = 3*v**3 - v + 2. Let p(s) = -19*s**3 + 10*s - 8. Let k(x) = 6*j(x) + p(x). Give k(-1).
1
Suppose 120 = -75*a + 65*a. Let o(j) = j**2 + 14*j + 17. Calculate o(a).
-7
Let q(j) = -2*j**2 - j + 13. Let t be q(3). Let g(z) = z + 15. What is g(t)?
7
Let u(o) = -17 + 3*o - 21 - 5*o + 36. Determine u(3).
-8
Let a = 154 + -149. Let k(c) = -3*c**2 + 13*c + 22. Let r(x) = -x**2 + 7*x + 11. Let l(i) = a*r(i) - 2*k(i). What is l(-8)?
3
Let j(v) = -1525*v + 6 + 509*v + 509*v + 512*v. Calculate j(6).
36
Let k(y) be the first derivative of -y + 1/2*y**2 - 1. Let i be k(7). Let w(s) = -s**2 + 7*s - 5. Determine w(i).
1
Let i(p) = -7*p**2 + 6*p**2 - 292 + 14*p + 285. What is i(9)?
38
Let b(c) = -c + 7. Let l(h) = 6*h - 39. Let o(a) = 21*b(a) + 4*l(a). What is o(6)?
9
Let l = -1599 - -1594. Let h(u) = -u - 15. What is h(l)?
-10
Let w(o) be the second derivative of 7/6*o**3 - 5/12*o**4 + 15*o + 1/20*o**5 + 0 - 5/2*o**2. Determine w(4).
7
Let v = -5 + 8. Suppose -5*p + 2*p = -15. Suppose v*x + j = -j - 14, p*x = -5*j - 20. Let r(b) = b + 9. What is r(x)?
3
Let z(l) be the third derivative of -l**4/12 + 5*l**3/6 + 2*l**2 - 24. Give z(4).
-3
Let z(q) = -q - 5. Let d be z(-5). Suppose -24 = -3*b - d*b. Let h(u) = -u + 5. Determine h(b).
-3
Let y(m) = 4*m**2 - 3*m + 2. Suppose 63 - 168 = -3*b. Let t = -33 + b. Determine y(t).
12
Let o be (-62)/6 - (-4)/(-6). Let g = o + 17. Let u(s) = -s**3 + 7*s**2 - 5*s. Calculate u(g).
6
Let w(h) = -10 + 28*h - h**3 + 10*h**2 + 12 - 23 - h - 9. Determine w(12).
6
Let t(n) = -4*n - 22059*n**2 + 4 + 11*n + 22060*n**2. Let w(f) = f**3 + f**2 - 5*f - 4. Let b be w(-3). Calculate t(b).
4
Let y = 10 + -60. Let g be -3 - y/18 - (-4)/18. Let d(i) = i**3 - i**2 - i + 14. What is d(g)?
14
Let w be (-8)/(-64)*20 - (-1 - 1). Let s(d) be the first derivative of -9 + w*d**2 + d. Calculate s(-1).
-8
Let c(h) = -h**2 - 8*h - 7. Suppose 0 = 3*j + 3*v + v + 31, j = -5*v - 25. Give c(j).
8
Let g(p) = -3*p**2 + 41*p - 1. Let s(f) = f**2 - 14*f. Let u(h) = 6*g(h) + 17*s(h). Let v = 781 + -774. What is u(v)?
1
Suppose 0 = -h + 68 + 14. Let s(x) = -h*x**2 - 3*x + 169*x**2 - 3 - 85*x**2. Determine s(-2).
11
Let u(q) = -q**2 + 6*q + 3. Let v = 605 - 598. Calculate u(v).
-4
Let i(l) = -l**2 - 11*l - 10. Let g(y) = -y + 3*y**3 + 4*y**2 - y**2 + 0*y**2 - 2*y**3 + 2. Let z be g(-4). Give i(z).
0
Let z(a) be the first derivative of a**4/4 - 5*a**3/3 + 2*a**2 - 6*a + 15. Let x be 3 + 4/(-1) + 3 + 2. Determine z(x).
-6
Let d(b) = 4 + b**3 - 2 - 1. Suppose 0 = 3*w + 3*q + 12, 5*w - 5*q - 30 = -0*q. Suppose w = 2*z + 3. What is d(z)?
0
Let y = 781 + -792. Let q(x) = x**2 + 8*x - 15. Determine q(y).
18
Let r(n) = n - 8. Let h(c) = 2*c**2 + 10*c - 18. Let q be h(-6). Let a = q + 12. Calculate r(a).
-2
Let o(k) be the first derivative of -k**4/4 + 8*k**3/3 - 7*k**2/2 - 5. What is o(7)?
0
Let j(r) be the third derivative of -r**6/120 - r**5/10 + r**4/8 + 4*r**3/3 - 82*r**2 - r. Determine j(-7).
36
Let v(r) = -r - 8. Let s = -30 + 28. Let x(t) = -t**2 + 4*t + 5. Let y be x(s). Calculate v(y).
-1
Let t(m) = -m**2 - 9*m - 5. Let d be (-64)/11 + 18/(-99). Calculate t(d).
13
Let j = -353 - -364. Let n(s) = -13*s**2 + s - 15. Let t(k) = 8 + 7*k**2 + 2*k**2 - 2*k**2. Let o(d) = j*t(d) + 6*n(d). What is o(4)?
6
Let b be 220/(-35) + (-2)/(-7). Le